pose 3*t - 2*t - 4 = 0, -3*t = h*o - 27. Suppose 4*n = 0, o*n + n = -4*i + 64. List the prime factors of i.
2
Let t(q) = 2*q**3 - 12*q**2 + 57*q + 17. What are the prime factors of t(8)?
3
Suppose -k + 6*y - y = -76, -3*k + 148 = 5*y. Let b(i) = i + 12. Let c be b(-5). Suppose c*f - k = 3*f. What are the prime factors of f?
2, 7
What are the prime factors of 5 + ((-4)/(-5) - (-45048)/40)?
2, 283
Let a(s) = 8*s**2 + 0*s**3 + 0*s**3 + 8 + s**3 + 9*s. Let p be a(-7). What are the prime factors of 24/(-16)*32/p?
2
Let k(t) = 7*t. Let c be k(-1). Let y(d) be the third derivative of -5*d**4/24 - 17*d**3/6 + 97*d**2. List the prime factors of y(c).
2, 3
Let k = -7 + 51. Suppose -b - 4*r = -k, -5*b + 105 = r - 4*r. What are the prime factors of b?
2, 3
List the prime factors of -7 + -1188*4/(72/(-66)).
4349
Let c = -1007 - -1454. List the prime factors of c.
3, 149
Suppose -13*p = -7*p - 21834. List the prime factors of p.
3, 1213
Let v be 2*-6*68/(-16). Let u = 99 - v. What are the prime factors of u?
2, 3
Let c(n) = -8*n + 3 + 15*n - 13*n. Let x be (-46)/14 - 4/(-14). What are the prime factors of c(x)?
3, 7
Suppose -12*w + 7*w + 10 = 0. List the prime factors of ((-58)/(-4) - 0)*w.
29
Let z be (-60)/(21/(-6) + 2). Suppose -5*w + w + z = 0. Let l = w - -9. List the prime factors of l.
19
Let d = 37 - 17. Let h = d + -3. What are the prime factors of h?
17
Suppose -5*o + 68 = -q, -22 = -o + 4*q - q. What are the prime factors of o*8 + -3 + 7 + 0?
2, 3
Let i = -2272 + 5023. What are the prime factors of i?
3, 7, 131
Suppose 0 = 5*v - 2*c - 85, -5*v - 2*c - c + 60 = 0. List the prime factors of ((-24)/v)/((-16)/440).
2, 11
What are the prime factors of 234/13*346/12?
3, 173
Suppose 277 = 5*q - 643. Suppose q = i + 30. List the prime factors of i.
2, 7, 11
Let u(w) = w**3 + 4*w**2 - 13*w + 4. Let n be u(5). Let c = n + -4. What are the prime factors of c?
2, 5
Suppose -3*y + 116 - 562 = -2*w, 647 = 3*w + y. List the prime factors of w.
7, 31
Suppose -17645 = -29*p + 24*p. What are the prime factors of p?
3529
Suppose 0 = 3*j + 2*j - 10. Suppose 0 = -j*s + 228 - 48. List the prime factors of s.
2, 3, 5
List the prime factors of (-6)/(-30) - (-2 - 7647/15).
2
Suppose 4*w - 161 = -41. List the prime factors of w.
2, 3, 5
Suppose 4*v - 128 = 4*b, b = -0*v - 4*v + 118. Suppose 6*f = f + v. List the prime factors of (-8)/(-48) + 113/f.
19
Suppose 4*n + 3*f = 12881, 0 = 2*n + 7*f - 12*f - 6447. List the prime factors of n.
3221
Let h = 3190 - 909. List the prime factors of h.
2281
Let a(s) = 27*s**2 - s - 15. List the prime factors of a(-3).
3, 7, 11
List the prime factors of 1373 + -2*(-7)/(-14).
2, 7
Let w(t) = 35*t - 126. What are the prime factors of w(7)?
7, 17
Suppose p = -5*r - 1, 3*p = r - p - 4. What are the prime factors of 70 + r + -2 - (3 + -6)?
71
Let g be 60/(-14) - (-4)/14. What are the prime factors of (1037/34)/((-2)/g)?
61
Let k = 43 + -34. What are the prime factors of k/(18/(-8)) - -45?
41
Let y = -154 + 253. What are the prime factors of y?
3, 11
Suppose -b + 3*n = -929, b + 3*n + 2799 = 4*b. What are the prime factors of b?
5, 11, 17
Suppose 0*j + 2*b + 25 = 5*j, -25 = -5*b. Suppose -j*v = -284 - 24. List the prime factors of v.
2, 11
Let f(g) = -2*g**3 - 2*g**2 - 11*g - 21. Suppose -3*t = 1 + 8. List the prime factors of f(t).
2, 3
Suppose -3*j = j + 64. Let l(i) = -6*i - 278 + 108 + 136. What are the prime factors of l(j)?
2, 31
Let v = 546 + -322. List the prime factors of v.
2, 7
What are the prime factors of ((-186)/24 - -8)/((-5)/(-28460))?
1423
Suppose -7*f + 30 = -5*z - 2*f, 0 = z + 2*f - 3. Let d(i) = -7*i. Let n be d(z). Suppose n = b - 4*t, -3*t + 11 = -4*b + 69. List the prime factors of b.
13
Let l = 183 + 44. Suppose 39 = -4*m - 3*y + l, 0 = -2*m + 4*y + 72. What are the prime factors of m?
2, 11
Suppose 0*g - 4*g = 12, 2*u = 4*g - 70. Let v = 51 + u. List the prime factors of v.
2, 5
Let l(r) = 140*r**3 - r + 7. List the prime factors of l(2).
3, 5
Let f(a) be the second derivative of 23*a**4/6 - a**3/6 + a**2/2 + 10*a. What are the prime factors of f(1)?
2, 23
Let a be (-8 + 17)*(-2)/6. List the prime factors of (0/3)/a - -7.
7
Let c be (4 - 0 - -6)/2. Suppose 2*t + 10*g = c*g + 229, 423 = 4*t + 3*g. List the prime factors of t.
2, 3, 17
Suppose 3*h + 90 = -2*h. Let s = 19 + h. Suppose 51 - s = 2*u. List the prime factors of u.
5
List the prime factors of (9 + -4 - -1539) + 7.
3, 11, 47
Let d = -23 - -27. Let q be (-5 + d - 1) + -2. Let k(g) = -2*g**3 - 7*g**2 - 6*g - 6. What are the prime factors of k(q)?
2, 17
What are the prime factors of 10/6*-2*(-12024)/60?
2, 167
Suppose 4*a = -12, 17500 = 5*b - 97*a + 92*a. What are the prime factors of b?
13, 269
Suppose -i = 32*t - 37*t - 4091, 0 = -i + 2*t + 4100. What are the prime factors of i?
2, 2053
Let r = -3 - 10. Let o = r - -39. What are the prime factors of o?
2, 13
Suppose 4*a - 13 + 1 = 0. Suppose 4*v + 4*y - y = 438, -v + a*y = -102. What are the prime factors of v?
2, 3
Let f(o) = 27*o**2 - 13*o + 4. Let l be f(3). Suppose -l = -3*u - 2*d - 20, 4*u - 248 = -2*d. List the prime factors of u.
2, 3, 5
Let x(z) = z**2 - z - 19. Let h be x(8). Let b = h - 26. Let u = b + 55. List the prime factors of u.
2, 3, 11
Suppose -5*z = -30 + 10. Let r(p) = p**2 - 5*p + 14. Let s be r(4). Let w = z + s. List the prime factors of w.
2, 7
Let n(q) = -3*q + 6. Let w(z) = 14*z - 29. Let d(t) = 11*n(t) + 2*w(t). Let r be d(9). What are the prime factors of r/(-6) + (-8)/48?
2, 3
Let w = 34 - 32. List the prime factors of w.
2
Let k(t) = -2*t**3 + 76*t**2 + 31*t + 11. List the prime factors of k(38).
29, 41
Let r be ((-10)/(-4) - 2)/(11/22). What are the prime factors of r/(55/10) + (-3078)/(-11)?
2, 5, 7
Let f be 118 - (3 - (3 + -4)). Suppose -5*d = -3*d - f. What are the prime factors of d?
3, 19
Let v = 3 - 7. Let d = 3 + v. List the prime factors of 32 - 6 - (-3)/d.
23
Suppose -2167 - 403 = -k. What are the prime factors of k?
2, 5, 257
Let c = -895 - -1266. List the prime factors of c.
7, 53
Suppose 20 = -4*n - 4*v, -4*n - 8*v + 3*v - 25 = 0. Let o(s) = 26*s**3 + 2*s - 2 - 2 + 3 + n*s**2 - 2*s**2. List the prime factors of o(1).
5
Suppose 3*n + j - 22 = 0, -10 = 4*j - 2*j. Suppose -3*y - 5*w - 1 = n, 5 = -w. Suppose y*c - 3*i - 120 = 0, 0*i = 2*i - 10. List the prime factors of c.
3
Suppose -2*x - 4*b = -1630, -x = 2*b + 2*b - 805. List the prime factors of x.
3, 5, 11
Suppose 4 = 3*x - o, 8*x = 3*x - 4*o + 18. Suppose -x*w + 3*y = -236, -5*w + 5*y + 595 = -0*w. List the prime factors of w.
11
Suppose -4*o + 9 = -7. Suppose -3*t + 50 = o*j, -1 - 9 = -5*t. Suppose 4*z + j = 35. List the prime factors of z.
2, 3
Suppose -25 = 2*k - 31. List the prime factors of (26/4)/(k/42).
7, 13
Suppose -4*x - 45 = -21. Let i(s) = 3*s**2 - 4*s - 5. Let l(p) = -7*p**2 + 7*p + 11. Let b(h) = 9*i(h) + 4*l(h). What are the prime factors of b(x)?
11
Let a(m) = 11 - 35*m - 90*m - 15. What are the prime factors of a(-1)?
11
Let x(f) = 0 + 52 + 18*f - 19*f + 41*f. Let q(d) = -10*d - 13. Let y(z) = 9*q(z) + 2*x(z). List the prime factors of y(-8).
67
Let m be 2/8 + (7 - 534/24). List the prime factors of -1 - (-156)/(-9)*m.
7, 37
Let w be 2 + (-2)/(-2) + 3. Let g(p) = 2*p**2 + p - 2. Let q be g(-2). Suppose w*o = q*o + 104. List the prime factors of o.
2, 13
List the prime factors of 8/1 - (-619 - -69).
2, 3, 31
Suppose 20*t + 13791 - 112651 = 0. List the prime factors of t.
4943
Let s be (-12)/(-5) - (-6)/(-15). Let a = 16 - 14. Suppose -5*z - a*k - s*k + 228 = 0, 4*z - 186 = -2*k. List the prime factors of z.
2, 3
Let a(f) = -2*f - 1. Let s be a(-1). Let g be -12 + 30 - s*-1. Let p = g - 0. What are the prime factors of p?
19
Suppose 53*u - 2280 = -7*u. Let b(d) = -3*d - 3. Let v be b(3). Let h = v + u. What are the prime factors of h?
2, 13
Suppose -262*f - 237492 = -298*f. What are the prime factors of f?
3, 733
Suppose -27 = -x - 5*w, -x = -0*x + 2*w - 12. Suppose -3*j = -g + 5, -2*g = x*j + 5 + 1. List the prime factors of (248/(-12))/(j/3).
31
What are the prime factors of 5/2*(-88)/(-55) + 1137?
7, 163
Let k(p) be the first derivative of -p**4/4 + p + 4. Let h be k(-1). Suppose 42 = h*n - 48. List the prime factors of n.
3, 5
Let b(p) = p**2 + p + 1. Let c(j) = j. Let v be c(10). Let x = v - 8